{"id":202,"date":"2017-04-02T11:36:53","date_gmt":"2017-04-02T09:36:53","guid":{"rendered":"http:\/\/www.xn--kssel-heizungsbau-zzb.de\/?page_id=202"},"modified":"2024-02-24T13:07:18","modified_gmt":"2024-02-24T12:07:18","slug":"unternehmen","status":"publish","type":"page","link":"http:\/\/www.xn--kssel-heizungsbau-zzb.de\/index.php\/unternehmen\/","title":{"rendered":"Unternehmen"},"content":{"rendered":"<table>\n<tbody>\n<tr>\n<td class=\"unternehmensbeschreibung\" width=\"145\"><u>Rechtsform:<\/u><\/p>\n<p class=\"linksbuendig\">GmbH seit 2012;<br \/>\ngegr. 1991 als Einzelfirma<\/p>\n<p><u>Gesch\u00e4ftsf\u00fchrer:<\/u><\/p>\n<p class=\"linksbuendig\">Dipl.-Ing. Ulrich K\u00f6ssel<\/p>\n<p>HLS-Meister R\u00fcdiger K\u00f6ssel<\/p>\n<p>Dipl.-Ing. (FH) Roland K\u00f6ssel<\/p>\n<p><u>Jahresumsatz:<\/u><\/p>\n<p class=\"linksbuendig\">ca. 3,5 Mio \u20ac<\/p>\n<p><u>Mitarbeiter:<\/u><\/p>\n<p class=\"linksbuendig\">16 Mitarbeiter<\/p>\n<p>2 Auszubildende<\/td>\n<td>\n<h1>Stark nicht nur vor Ort<\/h1>\n<ul>\n<li>Familienbetrieb<\/li>\n<li>Schwerpunkte private und \u00f6ffentliche Bauten<\/li>\n<li>Fachbetrieb f\u00fcr Heiz\u00f6lverbraucheranlagen \u00a719 WHG<\/li>\n<li>SHK-Fachbetrieb Hygiene und Schutz des Trinkwassers<\/li>\n<li>Vertragsinstallationsunternehmen Apoldaer Wasser GmbH<\/li>\n<li>Vertragsinstallationsunternehmen Energieversorgung Apolda GmbH<\/li>\n<\/ul>\n<h2>Mitgliedschaften<\/h2>\n<ul>\n<li>Innung SHK Weimarer Land (Vorstandsmitglied)<\/li>\n<li>Fachverband SHK Th\u00fcringen (Vorstandsmitglied)<\/li>\n<li>Zentralverband ZVSHK (Landesfachgruppenleiter Th\u00fcringen)<\/li>\n<li>Bildungsverbund Haustechnik Sachsen-Anhalt e.V.<\/li>\n<li>Handwerkskammer Erfurt, Handwerksrolle Nr. 1155200<\/li>\n<li>\u00dcberwachungsgemeinschaft Technische Anlagen d. SHK Handwerks e.V. (\u00dcWG) Sankt Augustin<\/li>\n<\/ul>\n<\/td>\n<\/tr>\n<\/tbody>\n<\/table>\n","protected":false},"excerpt":{"rendered":"<p>Rechtsform: GmbH seit 2012; gegr. 1991 als Einzelfirma Gesch\u00e4ftsf\u00fchrer: Dipl.-Ing. Ulrich K\u00f6ssel HLS-Meister R\u00fcdiger K\u00f6ssel Dipl.-Ing. (FH) Roland K\u00f6ssel Jahresumsatz: ca. 3,5 Mio \u20ac Mitarbeiter: 16 Mitarbeiter 2 Auszubildende Stark nicht nur vor Ort Familienbetrieb Schwerpunkte private und \u00f6ffentliche Bauten<span class=\"ellipsis\">&hellip;<\/span><\/p>\n<div class=\"read-more\"><a href=\"http:\/\/www.xn--kssel-heizungsbau-zzb.de\/index.php\/unternehmen\/\">Lesen Sie weitere <span class=\"screen-reader-text\">Unternehmen<\/span><span class=\"meta-nav\"> &#8250;<\/span><\/a><\/div>\n<p><!-- end of .read-more --><\/p>\n","protected":false},"author":1,"featured_media":0,"parent":0,"menu_order":0,"comment_status":"closed","ping_status":"closed","template":"","meta":[],"_links":{"self":[{"href":"http:\/\/www.xn--kssel-heizungsbau-zzb.de\/index.php\/wp-json\/wp\/v2\/pages\/202"}],"collection":[{"href":"http:\/\/www.xn--kssel-heizungsbau-zzb.de\/index.php\/wp-json\/wp\/v2\/pages"}],"about":[{"href":"http:\/\/www.xn--kssel-heizungsbau-zzb.de\/index.php\/wp-json\/wp\/v2\/types\/page"}],"author":[{"embeddable":true,"href":"http:\/\/www.xn--kssel-heizungsbau-zzb.de\/index.php\/wp-json\/wp\/v2\/users\/1"}],"replies":[{"embeddable":true,"href":"http:\/\/www.xn--kssel-heizungsbau-zzb.de\/index.php\/wp-json\/wp\/v2\/comments?post=202"}],"version-history":[{"count":3,"href":"http:\/\/www.xn--kssel-heizungsbau-zzb.de\/index.php\/wp-json\/wp\/v2\/pages\/202\/revisions"}],"predecessor-version":[{"id":645,"href":"http:\/\/www.xn--kssel-heizungsbau-zzb.de\/index.php\/wp-json\/wp\/v2\/pages\/202\/revisions\/645"}],"wp:attachment":[{"href":"http:\/\/www.xn--kssel-heizungsbau-zzb.de\/index.php\/wp-json\/wp\/v2\/media?parent=202"}],"curies":[{"name":"wp","href":"https:\/\/api.w.org\/{rel}","templated":true}]}}