{"id":455,"date":"2019-12-15T19:06:34","date_gmt":"2019-12-15T18:06:34","guid":{"rendered":"http:\/\/www.xn--kssel-heizungsbau-zzb.de\/?page_id=455"},"modified":"2019-12-15T19:06:35","modified_gmt":"2019-12-15T18:06:35","slug":"erweiterungsbau-rkk-apolda","status":"publish","type":"page","link":"http:\/\/www.xn--kssel-heizungsbau-zzb.de\/index.php\/erweiterungsbau-rkk-apolda\/","title":{"rendered":"Erweiterungsbau RKK Apolda"},"content":{"rendered":"\n<h2>Erweiterungsbau RKK Apolda<\/h2>\n\n\n\n<h3>HLS Technik<\/h3>\n\n\n\n<ul><li>Gasbrennwertkessel-Anlage Leistung 160 kW<\/li><li>Heizungsverteilung, Druckhalteanlage und Warmwasserbereitung<\/li><li>Gasversorgung<\/li><li>Klimaanlagen f\u00fcr Server und Elektror\u00e4ume K\u00e4lteleistung 95 kW<\/li><li>Hebeanlage f\u00fcr Schmutzwasser<\/li><li>S\u00e4mtliche Sanit\u00e4re Einrichtungsgegenst\u00e4nde<\/li><li>WC-Trennwandanlagen<\/li><li>L\u00fcftungsger\u00e4t 5.500m\u00b3\/h Innenaufstellung<\/li><li>Luftkanalnetz mit Ausl\u00e4ssen<\/li><li>Isolierarbeiten<\/li><\/ul>\n","protected":false},"excerpt":{"rendered":"<p>Erweiterungsbau RKK Apolda HLS Technik Gasbrennwertkessel-Anlage Leistung 160 kW Heizungsverteilung, Druckhalteanlage und Warmwasserbereitung Gasversorgung Klimaanlagen f\u00fcr Server und Elektror\u00e4ume K\u00e4lteleistung 95 kW Hebeanlage f\u00fcr Schmutzwasser S\u00e4mtliche Sanit\u00e4re Einrichtungsgegenst\u00e4nde WC-Trennwandanlagen L\u00fcftungsger\u00e4t 5.500m\u00b3\/h Innenaufstellung Luftkanalnetz mit Ausl\u00e4ssen Isolierarbeiten<\/p>\n","protected":false},"author":1,"featured_media":0,"parent":0,"menu_order":0,"comment_status":"closed","ping_status":"closed","template":"","meta":[],"_links":{"self":[{"href":"http:\/\/www.xn--kssel-heizungsbau-zzb.de\/index.php\/wp-json\/wp\/v2\/pages\/455"}],"collection":[{"href":"http:\/\/www.xn--kssel-heizungsbau-zzb.de\/index.php\/wp-json\/wp\/v2\/pages"}],"about":[{"href":"http:\/\/www.xn--kssel-heizungsbau-zzb.de\/index.php\/wp-json\/wp\/v2\/types\/page"}],"author":[{"embeddable":true,"href":"http:\/\/www.xn--kssel-heizungsbau-zzb.de\/index.php\/wp-json\/wp\/v2\/users\/1"}],"replies":[{"embeddable":true,"href":"http:\/\/www.xn--kssel-heizungsbau-zzb.de\/index.php\/wp-json\/wp\/v2\/comments?post=455"}],"version-history":[{"count":1,"href":"http:\/\/www.xn--kssel-heizungsbau-zzb.de\/index.php\/wp-json\/wp\/v2\/pages\/455\/revisions"}],"predecessor-version":[{"id":456,"href":"http:\/\/www.xn--kssel-heizungsbau-zzb.de\/index.php\/wp-json\/wp\/v2\/pages\/455\/revisions\/456"}],"wp:attachment":[{"href":"http:\/\/www.xn--kssel-heizungsbau-zzb.de\/index.php\/wp-json\/wp\/v2\/media?parent=455"}],"curies":[{"name":"wp","href":"https:\/\/api.w.org\/{rel}","templated":true}]}}